Let a be o(-6). Suppose 244219 + a = 13*i. Is i a prime number?
False
Let v be -3 + -1 + (-3)/3. Let o(d) = -d - 8. Let y be o(v). Is 4248/54 + (-1)/y a prime number?
True
Let t = -14227 - -9320. Let d = 7314 + t. Is d a composite number?
True
Is (-1*20/130 - 45/(-39))*79967 a prime number?
True
Let r(c) = 20*c**2 + 3*c + 82. Let q be r(-12). Let m = -1239 + q. Is m a prime number?
False
Suppose 4*p + 212132 - 680784 = -5*r, -5*r + 585815 = 5*p. Is p a composite number?
False
Let j = 40469 + -12367. Is j prime?
False
Let w(t) = t**3 + 3*t**2 - 2*t - 13. Let l be w(-3). Let v(m) = -m**3 - 5*m**2 + 13*m + 24. Let r be v(l). Suppose -27*y - 7028 = -r*y. Is y composite?
True
Suppose -5657 = 6*k - 1379. Let d = -1530 - k. Is -3 + (-12)/(-4) - d prime?
False
Let o be (-4028)/(7/4 + 6/(-8)). Is ((-2)/(-4))/((-2)/o) prime?
False
Let k = 5193 + -10366. Let c = k + 7568. Is c a composite number?
True
Let m be -2 + 0 - (-5 + 4). Let o(x) = 385*x + 10. Let j(g) = -386*g - 13. Let s(r) = -3*j(r) - 4*o(r). Is s(m) prime?
False
Let k be (-1)/((-16)/14 - -1). Let h(y) = 35585 + 0*y**2 + y**3 - 3*y - 35615 - 3*y**2. Is h(k) prime?
False
Suppose -268*y - 22271755 = 179*y - 502*y. Is y a prime number?
True
Suppose r + 7 = -0*r. Let y(q) = -3*q - 30. Let v be y(r). Let j = 55 + v. Is j a composite number?
True
Let j(a) be the third derivative of 317*a**4/24 + 2*a**3 + 21*a**2. Let p(r) = -1269*r - 47. Let i(k) = 9*j(k) + 2*p(k). Is i(13) a composite number?
True
Is (-12)/10*(26 - 31) - -1292301 composite?
True
Suppose -31 = -2*x - 39, -3*x = 5*h - 267733. Is h a prime number?
True
Suppose -3*x - 2*s = -2623, 2*x - 4*s + 2*s = 1762. Is x prime?
True
Suppose 30 + 0 = -5*n. Let u(w) = -w**3 - 4*w**2 + 8*w - 23. Let p be u(n). Is -4 - (-2 + p)/((-12)/(-564)) prime?
True
Let r(g) = -g**3 + 18*g**2 + 63*g - 417. Is r(-51) prime?
False
Suppose -4*g + 281 = -5*b, 71 + 15 = -2*b - 5*g. Let m = b + 60. Let t(j) = j**3 + 2*j**2 - j + 15. Is t(m) a prime number?
True
Suppose 7*x = -0*x + 35. Let b be (-6*(-996)/9)/((-4)/(-6)). Suppose 0 = x*y - 9*y + b. Is y a prime number?
False
Let y = -7746 + 36785. Is y a prime number?
False
Let s(h) = 7*h**2 + 11*h + 9. Let z be s(-1). Suppose 3522 = k + z*k. Is k composite?
False
Let j(h) = 14082*h + 3487. Is j(6) prime?
False
Let h(l) = 6474*l - 90 + 310 + l**2 - 6480*l. Is h(-33) composite?
True
Suppose -k - 2*t = -24, k - 115 + 94 = -5*t. Suppose -k*y = -59*y + 171237. Is y a composite number?
False
Let t(r) = -260*r**2 + 20*r + 9. Let v be t(-6). Let k = -3227 - v. Is (k/(-20))/(4/(-20)) prime?
False
Let x(c) be the third derivative of 19*c**5/30 + 7*c**4/8 - 8*c**3/3 + 69*c**2. Is x(18) composite?
True
Let s(o) = 228*o**2 + o + 3. Suppose 5*z = -9*b + 6*b - 4, -z = b. Is s(z) a prime number?
False
Suppose 5*k - z - 338619 = 0, 0*k - 338635 = -5*k + 5*z. Is k a composite number?
False
Let i(g) be the second derivative of g**5/20 + g**4/6 - 3*g**3/2 - g**2/2 + 8*g. Let r be (-198)/(-30) + 5/(25/2). Is i(r) composite?
True
Let z(a) = 90*a - 31. Suppose -3*m = 3*w - 0 - 18, -5*w + 2*m + 44 = 0. Is z(w) composite?
True
Suppose 0 = -5*o + 5*i + 5, -3*i + 0*i = -6. Is ((-2)/4)/(64929/(-21642) + o) a prime number?
True
Suppose 9*g - 13066 = 2954. Let h = -23 + g. Is h composite?
True
Suppose -6*j + 25438 = 2*z, -4*z = -2*j + j + 4257. Is j a composite number?
False
Let l = -6352 + 1614. Let g = l + 7557. Is g a composite number?
False
Suppose -165*a - 10960198 = -57021786 - 2804647. Is a a composite number?
False
Suppose -13*c = -5*c - 40. Suppose 2*m = 5*r + 5047, -5*r + 4*r - 1031 = c*m. Let g = 1552 + r. Is g a prime number?
True
Suppose -3*o + 5*u + 202 = 0, -13*o + 10*o = 4*u - 184. Suppose o*q - 5552 = 48*q. Is q a prime number?
True
Suppose 4*b - d = 28, -3*b + 2*d + 6 = 5*d. Suppose -745 = n + 4*c, -2*c = b*n - 10*n - 2962. Let i = n - -1732. Is i a composite number?
False
Let u = -17 + 59. Suppose 12*t - 7*t = -2*a + 20731, 3*a = 3*t - 12426. Suppose 11*p + u = t. Is p composite?
False
Let r = -210859 + 299886. Is r a prime number?
False
Let o(m) = m**2 + 5*m - 4. Let k be o(1). Suppose 3*g - 5442 = -0*g - 4*i, -k*i = 3*g - 5442. Is g a composite number?
True
Suppose 9*k - 1829 = 8*k. Let o = -570 + k. Is o a prime number?
True
Suppose 0 = 4*s - 3 - 1. Let u be (s - 3) + 0/2. Is (-875)/((-4)/4) - u a prime number?
True
Is 18*52578/36 + -8 composite?
True
Let v(o) = o**2 + 118*o + 17809. Is v(0) a composite number?
True
Let g = 187 + -119. Let z = g + -80. Is 4203/12 - 3 - (-3)/z a prime number?
True
Is 7208/(-204)*1923*(-3)/6 a prime number?
False
Let w(t) = t**3 - 8*t**2 - 8*t - 12. Let p be 2/(-2) + 8 - -2. Let q be w(p). Is q + (-3 + 44 - 1) prime?
True
Suppose 237*q = 240*q, y - 2*q = -50014 + 230901. Is y a prime number?
False
Suppose -126983 = -3*a + 2*j, 80*a + j + 169299 = 84*a. Is a composite?
False
Let w(d) = 5619*d + 511. Is w(12) a composite number?
False
Let n be -1 - 2 - (-25 + 20). Suppose -5*g = -4*y + 16809, 5*y + n*g - 21004 = g. Is y composite?
False
Let l = -284 - -285. Let h(n) = 379*n**3 - n**2 + 1. Is h(l) prime?
True
Let s be 7/21 - 3682/(-6). Suppose -5*y + 2*y - 9 = 0. Is s/((-8)/(12/y)) a composite number?
False
Let l be (-2)/(-4) + (14/(-4))/7. Let j(g) = g**3 + g**2 + 2*g + 17. Let f be j(l). Suppose f*p = 18*p - 179. Is p a composite number?
False
Suppose 114 = -3*t - 3*v, 2*v + 64 = 3*t + 168. Is 23308/12 + (-24)/t a composite number?
True
Let a(q) be the second derivative of q**4/6 - 29*q**3/6 - 37*q**2/2 - 45*q - 3. Is a(-20) prime?
False
Suppose 674*i = 672*i - 2*s + 3590648, -4*s = i - 1795315. Is i a prime number?
True
Let h = -124 + 109. Is (-50)/h*((-58892)/(-8) + 2) a composite number?
True
Suppose -m + 2*y = -234505, -27*m = -23*m - 2*y - 938062. Is m a prime number?
False
Suppose 0 = 3*z - 34 + 28. Suppose 5*s - 7*g = -3*g + 999, -z*s + 4*g = -390. Is s a composite number?
True
Suppose 0 = 4*g - x - 1496644, -3*g + 161*x = 162*x - 1122469. Is g a prime number?
True
Is (-165)/110*19374706/(-39) a prime number?
True
Let a = 155 + -105. Is (253230/a - -14) + (-4)/(-10) a composite number?
True
Is ((-2)/(-2 + 0))/((-293)/(-48573247)) a composite number?
False
Suppose -27*q - 2 = -25*q. Let i be 8/32*(q + 1). Is (-4440)/(-8) + i + 2 a composite number?
False
Suppose -2*c = -l - 7*c + 4997, c - 4 = 0. Suppose 0 = -15*m + 8*m + l. Let r = -302 + m. Is r prime?
True
Let r be ((-153)/102)/((-3)/116). Suppose -51*q + r*q = 46641. Is q prime?
False
Let x(p) = p**3 - 3*p**2 - 3*p + 15. Suppose 5*s - q = 10, 10*s - 12*s + q = -1. Let r be x(s). Is r/4 + (-3320)/(-16) a prime number?
False
Suppose -10*i - 4*x + 6*x + 29858 = 0, -14932 = -5*i - 2*x. Is i a prime number?
False
Let r(o) = -o**3 - 4*o**3 + 9*o**3 - o**3 + 2 - 3*o. Let x be r(1). Is (2 - 1 - -381)/x composite?
False
Is 16594/((-14)/(-2737)*23) a prime number?
False
Suppose -2*t + 102 = -3882. Suppose 8*s - 4*s = -t. Let u = s + 755. Is u composite?
False
Let t(z) = -z**3 + 16*z**2 - 7*z - 6. Let o(b) = 2*b**3 - 32*b**2 + 14*b + 13. Let i(w) = -2*o(w) - 5*t(w). Let d be i(-7). Let n = -333 - d. Is n composite?
False
Suppose 1 = 7*k - 13. Let i(a) = -4*a - 43*a**2 + 447*a**2 + 88*a**k + 7 + 5*a. Is i(-2) prime?
True
Let k = -51547 + 12290. Let m = -7656 - k. Is m a prime number?
True
Suppose -248*l = -252*l + 16880. Let g = -1443 + l. Is g a composite number?
False
Suppose 68 - 24 = 22*o. Suppose 508 + 430 = o*u + 4*t, 0 = -t. Is u composite?
True
Let q(j) = 309*j - 37. Let c be 2/(-3) - (1640/6)/10. Let y be (-343)/c + (-1)/4. Is q(y) a prime number?
True
Let s(w) = w**3 + 7*w**2 + 12*w + 26. Let n be s(-4). Suppose 0 = 2*i - 4*h - 124, 4*i - 281 + 8 = 3*h. Let l = i - n. Is l composite?
True
Suppose 0 = 28*a - 12140 - 13994441 + 420225. Is a a prime number?
False
Let d be (-233425)/(-3) + (121/33 - 3). Suppose 9*v = -8*v + d. Is v a prime number?
False
Let r(w) = -418*w - 5. Suppose 29 = -4*p + q, 2*p + 3*p = q - 35. Is r(p) a prime number?
True
Suppose 83902 = 8*q + 8934. Is q a composite number?
False
Let d(n) = n**3 + 2*n**2 - n - 35. Let c(l) = -l**2 + 9*l - 8. Let p be c(8). Let t be d(p). Let u = 252 - t. Is u a composite number?
True
Is (33 - 1092/39)/((2 + -1)/577) a composite number?
True
Is -5 + 7705 + -22 + 19 a composite num